{"version":"1.0","provider_name":"Tendido Alto","provider_url":"https:\/\/www.cope.es\/blogs\/tendido-alto","title":"La Manada... de imb\u00e9ciles - Tendido Alto","type":"rich","width":600,"height":338,"html":"<blockquote class=\"wp-embedded-content\" data-secret=\"xOYWzpuikW\"><a href=\"https:\/\/www.cope.es\/blogs\/tendido-alto\/2018\/05\/02\/la-manada-de-imbeciles\/\">La Manada&#8230; de imb\u00e9ciles<\/a><\/blockquote><iframe sandbox=\"allow-scripts\" security=\"restricted\" src=\"https:\/\/www.cope.es\/blogs\/tendido-alto\/2018\/05\/02\/la-manada-de-imbeciles\/embed\/#?secret=xOYWzpuikW\" width=\"600\" height=\"338\" title=\"\u00abLa Manada&#8230; de imb\u00e9ciles\u00bb \u2014 Tendido Alto\" data-secret=\"xOYWzpuikW\" frameborder=\"0\" marginwidth=\"0\" marginheight=\"0\" scrolling=\"no\" class=\"wp-embedded-content\"><\/iframe><script type=\"text\/javascript\">\n\/* <![CDATA[ *\/\n\/*! This file is auto-generated *\/\n!function(d,l){\"use strict\";l.querySelector&&d.addEventListener&&\"undefined\"!=typeof URL&&(d.wp=d.wp||{},d.wp.receiveEmbedMessage||(d.wp.receiveEmbedMessage=function(e){var t=e.data;if((t||t.secret||t.message||t.value)&&!\/[^a-zA-Z0-9]\/.test(t.secret)){for(var s,r,n,a=l.querySelectorAll('iframe[data-secret=\"'+t.secret+'\"]'),o=l.querySelectorAll('blockquote[data-secret=\"'+t.secret+'\"]'),c=new RegExp(\"^https?:$\",\"i\"),i=0;i<o.length;i++)o[i].style.display=\"none\";for(i=0;i<a.length;i++)s=a[i],e.source===s.contentWindow&&(s.removeAttribute(\"style\"),\"height\"===t.message?(1e3<(r=parseInt(t.value,10))?r=1e3:~~r<200&&(r=200),s.height=r):\"link\"===t.message&&(r=new URL(s.getAttribute(\"src\")),n=new URL(t.value),c.test(n.protocol))&&n.host===r.host&&l.activeElement===s&&(d.top.location.href=t.value))}},d.addEventListener(\"message\",d.wp.receiveEmbedMessage,!1),l.addEventListener(\"DOMContentLoaded\",function(){for(var e,t,s=l.querySelectorAll(\"iframe.wp-embedded-content\"),r=0;r<s.length;r++)(t=(e=s[r]).getAttribute(\"data-secret\"))||(t=Math.random().toString(36).substring(2,12),e.src+=\"#?secret=\"+t,e.setAttribute(\"data-secret\",t)),e.contentWindow.postMessage({message:\"ready\",secret:t},\"*\")},!1)))}(window,document);\n\/\/# sourceURL=https:\/\/www.cope.es\/blogs\/tendido-alto\/wp-includes\/js\/wp-embed.min.js\n\/* ]]> *\/\n<\/script>\n","thumbnail_url":"https:\/\/www.cope.es\/blogs\/tendido-alto\/wp-content\/uploads\/sites\/18\/2018\/05\/TOROS.png","thumbnail_width":700,"thumbnail_height":244,"description":"En los \u00faltimos d\u00edas ha sido noticia la sentencia de la Audiencia de Navarra por la que condena a nueve a\u00f1os de prisi\u00f3n a los cinco integrantes de ese grupo de amigos conocido como La Manada que abusaron de una joven en las fiestas de San Ferm\u00edn. Esto ha suscitado una respuesta social tremenda. Las [&hellip;]"}

La Manada... de imbéciles - Tendido Alto

<blockquote class="wp-embedded-content" data-secret="xOYWzpuikW"><a href="https://www.cope.es/blogs/tendido-alto/2018/05/02/la-manada-de-imbeciles/">La Manada&#8230; de imbéciles</a></blockquote><iframe sandbox="allow-scripts" security="restricted" src="https://www.cope.es/blogs/tendido-alto/2018/05/02/la-manada-de-imbeciles/embed/#?secret=xOYWzpuikW" width="600" height="338" title="«La Manada&#8230; de imbéciles» — Tendido Alto" data-secret="xOYWzpuikW" frameborder="0" marginwidth="0" marginheight="0" scrolling="no" class="wp-embedded-content"></iframe><script type="text/javascript">
/* <![CDATA[ */
/*! This file is auto-generated */
!function(d,l){"use strict";l.querySelector&&d.addEventListener&&"undefined"!=typeof URL&&(d.wp=d.wp||{},d.wp.receiveEmbedMessage||(d.wp.receiveEmbedMessage=function(e){var t=e.data;if((t||t.secret||t.message||t.value)&&!/[^a-zA-Z0-9]/.test(t.secret)){for(var s,r,n,a=l.querySelectorAll('iframe[data-secret="'+t.secret+'"]'),o=l.querySelectorAll('blockquote[data-secret="'+t.secret+'"]'),c=new RegExp("^https?:$","i"),i=0;i<o.length;i++)o[i].style.display="none";for(i=0;i<a.length;i++)s=a[i],e.source===s.contentWindow&&(s.removeAttribute("style"),"height"===t.message?(1e3<(r=parseInt(t.value,10))?r=1e3:~~r<200&&(r=200),s.height=r):"link"===t.message&&(r=new URL(s.getAttribute("src")),n=new URL(t.value),c.test(n.protocol))&&n.host===r.host&&l.activeElement===s&&(d.top.location.href=t.value))}},d.addEventListener("message",d.wp.receiveEmbedMessage,!1),l.addEventListener("DOMContentLoaded",function(){for(var e,t,s=l.querySelectorAll("iframe.wp-embedded-content"),r=0;r<s.length;r++)(t=(e=s[r]).getAttribute("data-secret"))||(t=Math.random().toString(36).substring(2,12),e.src+="#?secret="+t,e.setAttribute("data-secret",t)),e.contentWindow.postMessage({message:"ready",secret:t},"*")},!1)))}(window,document);
//# sourceURL=https://www.cope.es/blogs/tendido-alto/wp-includes/js/wp-embed.min.js
/* ]]> */
</script>

En los últimos días ha sido noticia la sentencia de la Audiencia de Navarra por la que condena a nueve años de prisión a los cinco integrantes de ese grupo de amigos conocido como La Manada que abusaron de una joven en las fiestas de San Fermín. Esto ha suscitado una respuesta social tremenda. Las [&hellip;]
