{"version":"1.0","provider_name":"Derosca","provider_url":"https:\/\/www.cope.es\/blogs\/derosca","title":"Reuni\u00f3n del Comit\u00e9 Ejecutivo EHF en Viena - Derosca","type":"rich","width":600,"height":338,"html":"<blockquote class=\"wp-embedded-content\" data-secret=\"n60BuJJgz1\"><a href=\"https:\/\/www.cope.es\/blogs\/derosca\/2025\/04\/15\/reunion-del-comite-ejecutivo-ehf-en-viena\/\">Reuni\u00f3n del Comit\u00e9 Ejecutivo EHF en Viena<\/a><\/blockquote><iframe sandbox=\"allow-scripts\" security=\"restricted\" src=\"https:\/\/www.cope.es\/blogs\/derosca\/2025\/04\/15\/reunion-del-comite-ejecutivo-ehf-en-viena\/embed\/#?secret=n60BuJJgz1\" width=\"600\" height=\"338\" title=\"\u00abReuni\u00f3n del Comit\u00e9 Ejecutivo EHF en Viena\u00bb \u2014 Derosca\" data-secret=\"n60BuJJgz1\" frameborder=\"0\" marginwidth=\"0\" marginheight=\"0\" scrolling=\"no\" class=\"wp-embedded-content\"><\/iframe><script type=\"text\/javascript\">\n\/* <![CDATA[ *\/\n\/*! This file is auto-generated *\/\n!function(d,l){\"use strict\";l.querySelector&&d.addEventListener&&\"undefined\"!=typeof URL&&(d.wp=d.wp||{},d.wp.receiveEmbedMessage||(d.wp.receiveEmbedMessage=function(e){var t=e.data;if((t||t.secret||t.message||t.value)&&!\/[^a-zA-Z0-9]\/.test(t.secret)){for(var s,r,n,a=l.querySelectorAll('iframe[data-secret=\"'+t.secret+'\"]'),o=l.querySelectorAll('blockquote[data-secret=\"'+t.secret+'\"]'),c=new RegExp(\"^https?:$\",\"i\"),i=0;i<o.length;i++)o[i].style.display=\"none\";for(i=0;i<a.length;i++)s=a[i],e.source===s.contentWindow&&(s.removeAttribute(\"style\"),\"height\"===t.message?(1e3<(r=parseInt(t.value,10))?r=1e3:~~r<200&&(r=200),s.height=r):\"link\"===t.message&&(r=new URL(s.getAttribute(\"src\")),n=new URL(t.value),c.test(n.protocol))&&n.host===r.host&&l.activeElement===s&&(d.top.location.href=t.value))}},d.addEventListener(\"message\",d.wp.receiveEmbedMessage,!1),l.addEventListener(\"DOMContentLoaded\",function(){for(var e,t,s=l.querySelectorAll(\"iframe.wp-embedded-content\"),r=0;r<s.length;r++)(t=(e=s[r]).getAttribute(\"data-secret\"))||(t=Math.random().toString(36).substring(2,12),e.src+=\"#?secret=\"+t,e.setAttribute(\"data-secret\",t)),e.contentWindow.postMessage({message:\"ready\",secret:t},\"*\")},!1)))}(window,document);\n\/\/# sourceURL=https:\/\/www.cope.es\/blogs\/derosca\/wp-includes\/js\/wp-embed.min.js\n\/* ]]> *\/\n<\/script>\n","thumbnail_url":"http:\/\/www.cope.es\/blogs\/derosca\/wp-content\/uploads\/sites\/22\/2025\/04\/ehf_flags-1.jpg","thumbnail_width":680,"thumbnail_height":463,"description":"El Comit\u00e9 Ejecutivo de la EHF se reuni\u00f3 en Viena la semana pasada para su primera reuni\u00f3n del a\u00f1o 2025. La reuni\u00f3n de Abril tradicionalmente brinda la oportunidad de sentar las bases de la pr\u00f3xima temporada, y se tomaron varias decisiones clave para la edici\u00f3n 2025 &#8211; 26. Las bases para estas decisiones se sentaron [&hellip;]"}

Reunión del Comité Ejecutivo EHF en Viena - Derosca

<blockquote class="wp-embedded-content" data-secret="n60BuJJgz1"><a href="https://www.cope.es/blogs/derosca/2025/04/15/reunion-del-comite-ejecutivo-ehf-en-viena/">Reunión del Comité Ejecutivo EHF en Viena</a></blockquote><iframe sandbox="allow-scripts" security="restricted" src="https://www.cope.es/blogs/derosca/2025/04/15/reunion-del-comite-ejecutivo-ehf-en-viena/embed/#?secret=n60BuJJgz1" width="600" height="338" title="«Reunión del Comité Ejecutivo EHF en Viena» — Derosca" data-secret="n60BuJJgz1" frameborder="0" marginwidth="0" marginheight="0" scrolling="no" class="wp-embedded-content"></iframe><script type="text/javascript">
/* <![CDATA[ */
/*! This file is auto-generated */
!function(d,l){"use strict";l.querySelector&&d.addEventListener&&"undefined"!=typeof URL&&(d.wp=d.wp||{},d.wp.receiveEmbedMessage||(d.wp.receiveEmbedMessage=function(e){var t=e.data;if((t||t.secret||t.message||t.value)&&!/[^a-zA-Z0-9]/.test(t.secret)){for(var s,r,n,a=l.querySelectorAll('iframe[data-secret="'+t.secret+'"]'),o=l.querySelectorAll('blockquote[data-secret="'+t.secret+'"]'),c=new RegExp("^https?:$","i"),i=0;i<o.length;i++)o[i].style.display="none";for(i=0;i<a.length;i++)s=a[i],e.source===s.contentWindow&&(s.removeAttribute("style"),"height"===t.message?(1e3<(r=parseInt(t.value,10))?r=1e3:~~r<200&&(r=200),s.height=r):"link"===t.message&&(r=new URL(s.getAttribute("src")),n=new URL(t.value),c.test(n.protocol))&&n.host===r.host&&l.activeElement===s&&(d.top.location.href=t.value))}},d.addEventListener("message",d.wp.receiveEmbedMessage,!1),l.addEventListener("DOMContentLoaded",function(){for(var e,t,s=l.querySelectorAll("iframe.wp-embedded-content"),r=0;r<s.length;r++)(t=(e=s[r]).getAttribute("data-secret"))||(t=Math.random().toString(36).substring(2,12),e.src+="#?secret="+t,e.setAttribute("data-secret",t)),e.contentWindow.postMessage({message:"ready",secret:t},"*")},!1)))}(window,document);
//# sourceURL=https://www.cope.es/blogs/derosca/wp-includes/js/wp-embed.min.js
/* ]]> */
</script>

El Comité Ejecutivo de la EHF se reunió en Viena la semana pasada para su primera reunión del año 2025. La reunión de Abril tradicionalmente brinda la oportunidad de sentar las bases de la próxima temporada, y se tomaron varias decisiones clave para la edición 2025 &#8211; 26. Las bases para estas decisiones se sentaron [&hellip;]
