{"id":1823,"date":"2020-05-11T20:11:35","date_gmt":"2020-05-11T18:11:35","guid":{"rendered":"http:\/\/www.cope.es\/blogs\/cine-y-libertad\/?page_id=1823"},"modified":"2020-05-11T20:11:35","modified_gmt":"2020-05-11T18:11:35","slug":"luz-de-soledad-una-monja-y-las-primeras-enfermeras-tituladas","status":"publish","type":"page","link":"https:\/\/www.cope.es\/blogs\/cine-y-libertad\/luz-de-soledad-una-monja-y-las-primeras-enfermeras-tituladas\/","title":{"rendered":"Luz de Soledad-Una monja y las primeras enfermeras tituladas"},"content":{"rendered":"<div>Luz de Soledad-Una monja y las primeras enfermeras tituladas. \u00bfSe puede llegar a amar y a perdonar al que te insulta?<\/div>\n<div>\n<p>Aqu\u00ed puedes escuchar mi comentario:<a title=\"Luz de Soledad\" href=\"http:\/\/www.cineylibertad.com\/luz-de-soledad\/\">Luz de Soledad<\/a><\/p>\n<p><img decoding=\"async\" class=\"alignnone size-full wp-image-1825\" src=\"http:\/\/www.cope.es\/blogs\/cine-y-libertad\/wp-content\/uploads\/sites\/7\/2020\/05\/luz-de-soledad-una-monja-y-las-primeras-enfermeras-tituladas.jpg\" alt=\"\" \/><\/p>\n<p>\u00a1Lectores y amigos de Cine y Libertad!<\/p>\n<p>\u00a1Feliz Pascua de Resurrecci\u00f3n!<\/p>\n<p>Luz de Soledad-La monja que fund\u00f3 la primera Escuela de Enfermer\u00eda de Espa\u00f1a.<\/p>\n<p>La distribuidora Goya producciones rescata la pel\u00edcula, Luz de Soledad, para homenajear a los sanitarios con un video muy especial. Os paso la cr\u00edtica que hice\u00a0 de la pel\u00edcula&#8230;<\/p>\n<p>Las Siervas de Mar\u00eda, Ministras de\u00a0 los Enfermos, sentaron las bases de las Escuelas de Enfermer\u00eda porque fueron las primeras que realizaron esta especialidad en Espa\u00f1a en torno a 1915. Sin embargo, este hecho no se hubiera producido sin la iniciativa del Padre Miguel Mart\u00ednez y Sor Soledad Torres Acosta que la fundaron. Esta producci\u00f3n es un biopic que cuenta la vida de esta luchadora mujer.<\/p>\n<p>Olga es una abogada de prestigio, que est\u00e1 agobiada, puesto que\u00a0 no le queda m\u00e1s remedio que recurrir a una monja para que cuide de su problem\u00e1tico padre que, a rega\u00f1adientes\u00a0 acepta y escucha la historia principal de esta pel\u00edcula, Luz de Soledad.<\/p>\n<p>Pablo Moreno es el autor de un <em>Dios prohibido y Poveda<\/em>, que incluye un gui\u00f1o a la citada en segundo lugar en esta producci\u00f3n. Este cineasta ha ganado dos premios Mirabile Dictu de Roma,\u00a0 considerados como los \u00d3scar del cine cat\u00f3lico. La pel\u00edcula tiene dos partes bien diferenciadas, una m\u00e1s simp\u00e1tica y din\u00e1mica y otra m\u00e1s irregular, marcada por un par de secuencias impactantes realmente logradas y bien planteadas. El m\u00e9rito de este joven cineasta de 32 a\u00f1os es que, con muy pocos medios, saca el m\u00e1ximo producto posible sin que el relato pierda fuerza.<\/p>\n<p>Este realizador ha contado con un reparto especializado en el mundo de las series de televisi\u00f3n entre los que destacan Elena Furiase y su madre Lolita junto a valores seguros como Ra\u00fal Escudero, Carlos Ca\u00f1as o Laura Contreras. \u00c9sta \u00faltima da vida a esta comprometida mujer, trasmitiendo la sobriedad y el entusiasmo de una persona enamorada del pasaje del Evangelio de San Mateo (25, 36): <em>\u201cEstuve enfermo y me visitasteis\u2026 Lo que hicisteis a uno de mis hermanos, me lo hicisteis\u201d. <\/em>La clave\u00a0 del legado de esta religiosa se resume en\u00a0 que ella entiende su misi\u00f3n en la encarnaci\u00f3n de la civilizaci\u00f3n del amor, superando el mal a \u00a0fuerza de hacer bien a todos, llevando a la sonrisa en los labios y la humildad en el coraz\u00f3n.<\/p>\n<p>Por \u00faltimo, este largometraje es una prueba de c\u00f3mo Dios cambia el coraz\u00f3n de las personas cuando un personaje secundario, angustiado y muy dolorido por su enfermedad, comprende qu\u00e9 es lo que mueve a estas entregadas religiosas, al reconocer que le hab\u00eda tratado como basura y Sor In\u00e9s, su enfermera a domicilio, le hab\u00eda cuidado como si fuera su Dios.<\/p>\n<p>Puedes escucharnos en: <a href=\"http:\/\/www.cineylibertad.com\/\">www.cineylibertad.com<\/a><\/p>\n<p>Twitter: <span class=\"x_DashboardProfileCard-screenname x_u-inlineBlock x_u-dir\"><a class=\"x_DashboardProfileCard-screennameLink x_u-linkComplex x_u-linkClean\" href=\"https:\/\/twitter.com\/cineylibertad\" target=\"_blank\">@<span class=\"x_u-linkComplex-target\">cineylibertad<\/span><\/a><\/span><\/p>\n<\/div>\n<p>&nbsp;<\/p>\n","protected":false},"excerpt":{"rendered":"<p>Luz de Soledad-Una monja y las primeras enfermeras tituladas. \u00bfSe puede llegar a amar y a perdonar al que te insulta? Aqu\u00ed puedes escuchar mi comentario:Luz de Soledad \u00a1Lectores y amigos de Cine y Libertad! \u00a1Feliz Pascua de Resurrecci\u00f3n! Luz de Soledad-La monja que fund\u00f3 la primera Escuela de Enfermer\u00eda de Espa\u00f1a. La distribuidora Goya [&hellip;]<\/p>\n","protected":false},"author":7,"featured_media":0,"parent":0,"menu_order":0,"comment_status":"closed","ping_status":"closed","template":"","meta":{"footnotes":""},"class_list":["post-1823","page","type-page","status-publish","hentry"],"yoast_head":"<!-- This site is optimized with the Yoast SEO plugin v26.7 - https:\/\/yoast.com\/wordpress\/plugins\/seo\/ -->\n<title>Luz de Soledad-Una monja y las primeras enfermeras tituladas<\/title>\n<meta name=\"description\" content=\"Luz de Soledad-Una monja y las primeras enfermeras tituladas. \u00bfSe puede llegar a amar y a perdonar al que te insulta? Luz de Soledad-Una monja\" \/>\n<meta name=\"robots\" content=\"index, follow, max-snippet:-1, max-image-preview:large, max-video-preview:-1\" \/>\n<link rel=\"canonical\" href=\"https:\/\/www.cope.es\/blogs\/cine-y-libertad\/luz-de-soledad-una-monja-y-las-primeras-enfermeras-tituladas\/\" \/>\n<meta property=\"og:locale\" content=\"es_ES\" \/>\n<meta property=\"og:type\" content=\"article\" \/>\n<meta property=\"og:title\" content=\"Luz de Soledad-Una monja y las primeras enfermeras tituladas\" \/>\n<meta property=\"og:description\" content=\"Luz de Soledad-Una monja y las primeras enfermeras tituladas. \u00bfSe puede llegar a amar y a perdonar al que te insulta? Luz de Soledad-Una monja\" \/>\n<meta property=\"og:url\" content=\"https:\/\/www.cope.es\/blogs\/cine-y-libertad\/luz-de-soledad-una-monja-y-las-primeras-enfermeras-tituladas\/\" \/>\n<meta property=\"og:site_name\" content=\"Cine y Libertad\" \/>\n<meta property=\"article:publisher\" content=\"https:\/\/www.facebook.com\/cope\/\" \/>\n<meta property=\"og:image\" content=\"http:\/\/www.cope.es\/blogs\/cine-y-libertad\/wp-content\/uploads\/sites\/7\/2020\/05\/luz-de-soledad-una-monja-y-las-primeras-enfermeras-tituladas.jpg\" \/>\n<meta name=\"twitter:card\" content=\"summary_large_image\" \/>\n<meta name=\"twitter:site\" content=\"@cope_es\" \/>\n<meta name=\"twitter:label1\" content=\"Tiempo de lectura\" \/>\n\t<meta name=\"twitter:data1\" content=\"3 minutos\" \/>\n<script type=\"application\/ld+json\" class=\"yoast-schema-graph\">{\"@context\":\"https:\/\/schema.org\",\"@graph\":[{\"@type\":\"WebPage\",\"@id\":\"https:\/\/www.cope.es\/blogs\/cine-y-libertad\/luz-de-soledad-una-monja-y-las-primeras-enfermeras-tituladas\/\",\"url\":\"https:\/\/www.cope.es\/blogs\/cine-y-libertad\/luz-de-soledad-una-monja-y-las-primeras-enfermeras-tituladas\/\",\"name\":\"Luz de Soledad-Una monja y las primeras enfermeras tituladas\",\"isPartOf\":{\"@id\":\"https:\/\/www.cope.es\/blogs\/cine-y-libertad\/#website\"},\"primaryImageOfPage\":{\"@id\":\"https:\/\/www.cope.es\/blogs\/cine-y-libertad\/luz-de-soledad-una-monja-y-las-primeras-enfermeras-tituladas\/#primaryimage\"},\"image\":{\"@id\":\"https:\/\/www.cope.es\/blogs\/cine-y-libertad\/luz-de-soledad-una-monja-y-las-primeras-enfermeras-tituladas\/#primaryimage\"},\"thumbnailUrl\":\"http:\/\/www.cope.es\/blogs\/cine-y-libertad\/wp-content\/uploads\/sites\/7\/2020\/05\/luz-de-soledad-una-monja-y-las-primeras-enfermeras-tituladas.jpg\",\"datePublished\":\"2020-05-11T18:11:35+00:00\",\"description\":\"Luz de Soledad-Una monja y las primeras enfermeras tituladas. \u00bfSe puede llegar a amar y a perdonar al que te insulta? Luz de Soledad-Una monja\",\"breadcrumb\":{\"@id\":\"https:\/\/www.cope.es\/blogs\/cine-y-libertad\/luz-de-soledad-una-monja-y-las-primeras-enfermeras-tituladas\/#breadcrumb\"},\"inLanguage\":\"es\",\"potentialAction\":[{\"@type\":\"ReadAction\",\"target\":[\"https:\/\/www.cope.es\/blogs\/cine-y-libertad\/luz-de-soledad-una-monja-y-las-primeras-enfermeras-tituladas\/\"]}]},{\"@type\":\"ImageObject\",\"inLanguage\":\"es\",\"@id\":\"https:\/\/www.cope.es\/blogs\/cine-y-libertad\/luz-de-soledad-una-monja-y-las-primeras-enfermeras-tituladas\/#primaryimage\",\"url\":\"https:\/\/www.cope.es\/blogs\/cine-y-libertad\/wp-content\/uploads\/sites\/7\/2020\/05\/luz-de-soledad-una-monja-y-las-primeras-enfermeras-tituladas.jpg\",\"contentUrl\":\"https:\/\/www.cope.es\/blogs\/cine-y-libertad\/wp-content\/uploads\/sites\/7\/2020\/05\/luz-de-soledad-una-monja-y-las-primeras-enfermeras-tituladas.jpg\",\"width\":284,\"height\":177},{\"@type\":\"BreadcrumbList\",\"@id\":\"https:\/\/www.cope.es\/blogs\/cine-y-libertad\/luz-de-soledad-una-monja-y-las-primeras-enfermeras-tituladas\/#breadcrumb\",\"itemListElement\":[{\"@type\":\"ListItem\",\"position\":1,\"name\":\"Portada\",\"item\":\"https:\/\/www.cope.es\/blogs\/cine-y-libertad\/\"},{\"@type\":\"ListItem\",\"position\":2,\"name\":\"Luz de Soledad-Una monja y las primeras enfermeras tituladas\"}]},{\"@type\":\"WebSite\",\"@id\":\"https:\/\/www.cope.es\/blogs\/cine-y-libertad\/#website\",\"url\":\"https:\/\/www.cope.es\/blogs\/cine-y-libertad\/\",\"name\":\"Cine y Libertad\",\"description\":\"Cine y Libertad un blog de COPE\",\"potentialAction\":[{\"@type\":\"SearchAction\",\"target\":{\"@type\":\"EntryPoint\",\"urlTemplate\":\"https:\/\/www.cope.es\/blogs\/cine-y-libertad\/?s={search_term_string}\"},\"query-input\":{\"@type\":\"PropertyValueSpecification\",\"valueRequired\":true,\"valueName\":\"search_term_string\"}}],\"inLanguage\":\"es\"}]}<\/script>\n<!-- \/ Yoast SEO plugin. -->","yoast_head_json":{"title":"Luz de Soledad-Una monja y las primeras enfermeras tituladas","description":"Luz de Soledad-Una monja y las primeras enfermeras tituladas. \u00bfSe puede llegar a amar y a perdonar al que te insulta? Luz de Soledad-Una monja","robots":{"index":"index","follow":"follow","max-snippet":"max-snippet:-1","max-image-preview":"max-image-preview:large","max-video-preview":"max-video-preview:-1"},"canonical":"https:\/\/www.cope.es\/blogs\/cine-y-libertad\/luz-de-soledad-una-monja-y-las-primeras-enfermeras-tituladas\/","og_locale":"es_ES","og_type":"article","og_title":"Luz de Soledad-Una monja y las primeras enfermeras tituladas","og_description":"Luz de Soledad-Una monja y las primeras enfermeras tituladas. \u00bfSe puede llegar a amar y a perdonar al que te insulta? Luz de Soledad-Una monja","og_url":"https:\/\/www.cope.es\/blogs\/cine-y-libertad\/luz-de-soledad-una-monja-y-las-primeras-enfermeras-tituladas\/","og_site_name":"Cine y Libertad","article_publisher":"https:\/\/www.facebook.com\/cope\/","og_image":[{"url":"http:\/\/www.cope.es\/blogs\/cine-y-libertad\/wp-content\/uploads\/sites\/7\/2020\/05\/luz-de-soledad-una-monja-y-las-primeras-enfermeras-tituladas.jpg","type":"","width":"","height":""}],"twitter_card":"summary_large_image","twitter_site":"@cope_es","twitter_misc":{"Tiempo de lectura":"3 minutos"},"schema":{"@context":"https:\/\/schema.org","@graph":[{"@type":"WebPage","@id":"https:\/\/www.cope.es\/blogs\/cine-y-libertad\/luz-de-soledad-una-monja-y-las-primeras-enfermeras-tituladas\/","url":"https:\/\/www.cope.es\/blogs\/cine-y-libertad\/luz-de-soledad-una-monja-y-las-primeras-enfermeras-tituladas\/","name":"Luz de Soledad-Una monja y las primeras enfermeras tituladas","isPartOf":{"@id":"https:\/\/www.cope.es\/blogs\/cine-y-libertad\/#website"},"primaryImageOfPage":{"@id":"https:\/\/www.cope.es\/blogs\/cine-y-libertad\/luz-de-soledad-una-monja-y-las-primeras-enfermeras-tituladas\/#primaryimage"},"image":{"@id":"https:\/\/www.cope.es\/blogs\/cine-y-libertad\/luz-de-soledad-una-monja-y-las-primeras-enfermeras-tituladas\/#primaryimage"},"thumbnailUrl":"http:\/\/www.cope.es\/blogs\/cine-y-libertad\/wp-content\/uploads\/sites\/7\/2020\/05\/luz-de-soledad-una-monja-y-las-primeras-enfermeras-tituladas.jpg","datePublished":"2020-05-11T18:11:35+00:00","description":"Luz de Soledad-Una monja y las primeras enfermeras tituladas. \u00bfSe puede llegar a amar y a perdonar al que te insulta? Luz de Soledad-Una monja","breadcrumb":{"@id":"https:\/\/www.cope.es\/blogs\/cine-y-libertad\/luz-de-soledad-una-monja-y-las-primeras-enfermeras-tituladas\/#breadcrumb"},"inLanguage":"es","potentialAction":[{"@type":"ReadAction","target":["https:\/\/www.cope.es\/blogs\/cine-y-libertad\/luz-de-soledad-una-monja-y-las-primeras-enfermeras-tituladas\/"]}]},{"@type":"ImageObject","inLanguage":"es","@id":"https:\/\/www.cope.es\/blogs\/cine-y-libertad\/luz-de-soledad-una-monja-y-las-primeras-enfermeras-tituladas\/#primaryimage","url":"https:\/\/www.cope.es\/blogs\/cine-y-libertad\/wp-content\/uploads\/sites\/7\/2020\/05\/luz-de-soledad-una-monja-y-las-primeras-enfermeras-tituladas.jpg","contentUrl":"https:\/\/www.cope.es\/blogs\/cine-y-libertad\/wp-content\/uploads\/sites\/7\/2020\/05\/luz-de-soledad-una-monja-y-las-primeras-enfermeras-tituladas.jpg","width":284,"height":177},{"@type":"BreadcrumbList","@id":"https:\/\/www.cope.es\/blogs\/cine-y-libertad\/luz-de-soledad-una-monja-y-las-primeras-enfermeras-tituladas\/#breadcrumb","itemListElement":[{"@type":"ListItem","position":1,"name":"Portada","item":"https:\/\/www.cope.es\/blogs\/cine-y-libertad\/"},{"@type":"ListItem","position":2,"name":"Luz de Soledad-Una monja y las primeras enfermeras tituladas"}]},{"@type":"WebSite","@id":"https:\/\/www.cope.es\/blogs\/cine-y-libertad\/#website","url":"https:\/\/www.cope.es\/blogs\/cine-y-libertad\/","name":"Cine y Libertad","description":"Cine y Libertad un blog de COPE","potentialAction":[{"@type":"SearchAction","target":{"@type":"EntryPoint","urlTemplate":"https:\/\/www.cope.es\/blogs\/cine-y-libertad\/?s={search_term_string}"},"query-input":{"@type":"PropertyValueSpecification","valueRequired":true,"valueName":"search_term_string"}}],"inLanguage":"es"}]}},"_links":{"self":[{"href":"https:\/\/www.cope.es\/blogs\/cine-y-libertad\/wp-json\/wp\/v2\/pages\/1823","targetHints":{"allow":["GET"]}}],"collection":[{"href":"https:\/\/www.cope.es\/blogs\/cine-y-libertad\/wp-json\/wp\/v2\/pages"}],"about":[{"href":"https:\/\/www.cope.es\/blogs\/cine-y-libertad\/wp-json\/wp\/v2\/types\/page"}],"author":[{"embeddable":true,"href":"https:\/\/www.cope.es\/blogs\/cine-y-libertad\/wp-json\/wp\/v2\/users\/7"}],"replies":[{"embeddable":true,"href":"https:\/\/www.cope.es\/blogs\/cine-y-libertad\/wp-json\/wp\/v2\/comments?post=1823"}],"version-history":[{"count":2,"href":"https:\/\/www.cope.es\/blogs\/cine-y-libertad\/wp-json\/wp\/v2\/pages\/1823\/revisions"}],"predecessor-version":[{"id":1826,"href":"https:\/\/www.cope.es\/blogs\/cine-y-libertad\/wp-json\/wp\/v2\/pages\/1823\/revisions\/1826"}],"wp:attachment":[{"href":"https:\/\/www.cope.es\/blogs\/cine-y-libertad\/wp-json\/wp\/v2\/media?parent=1823"}],"curies":[{"name":"wp","href":"https:\/\/api.w.org\/{rel}","templated":true}]}}